[INFO] fetching crate r2d2-diesel 1.0.0...
[INFO] checking r2d2-diesel-1.0.0 against master#af3c6e733a40e671550e0f0f5aeecaa13772ba56 for pr-74989
[INFO] extracting crate r2d2-diesel 1.0.0 into /workspace/builds/worker-7/source
[INFO] validating manifest of crates.io crate r2d2-diesel 1.0.0 on toolchain af3c6e733a40e671550e0f0f5aeecaa13772ba56
[INFO] running `Command { std: "/workspace/cargo-home/bin/cargo" "+af3c6e733a40e671550e0f0f5aeecaa13772ba56" "read-manifest" "--manifest-path" "Cargo.toml", kill_on_drop: false }`
[INFO] started tweaking crates.io crate r2d2-diesel 1.0.0
[INFO] finished tweaking crates.io crate r2d2-diesel 1.0.0
[INFO] tweaked toml for crates.io crate r2d2-diesel 1.0.0 written to /workspace/builds/worker-7/source/Cargo.toml
[INFO] running `Command { std: "/workspace/cargo-home/bin/cargo" "+af3c6e733a40e671550e0f0f5aeecaa13772ba56" "generate-lockfile" "--manifest-path" "Cargo.toml" "-Zno-index-update", kill_on_drop: false }`
[INFO] running `Command { std: "/workspace/cargo-home/bin/cargo" "+af3c6e733a40e671550e0f0f5aeecaa13772ba56" "fetch" "--locked" "--manifest-path" "Cargo.toml", kill_on_drop: false }`
[INFO] running `Command { std: "docker" "create" "-v" "/var/lib/crater-agent-workspace/builds/worker-7/target:/opt/rustwide/target:rw,Z" "-v" "/var/lib/crater-agent-workspace/builds/worker-7/source:/opt/rustwide/workdir:ro,Z" "-v" "/var/lib/crater-agent-workspace/cargo-home:/opt/rustwide/cargo-home:ro,Z" "-v" "/var/lib/crater-agent-workspace/rustup-home:/opt/rustwide/rustup-home:ro,Z" "-e" "SOURCE_DIR=/opt/rustwide/workdir" "-e" "CARGO_TARGET_DIR=/opt/rustwide/target" "-e" "CARGO_HOME=/opt/rustwide/cargo-home" "-e" "RUSTUP_HOME=/opt/rustwide/rustup-home" "-w" "/opt/rustwide/workdir" "-m" "1610612736" "--user" "0:0" "--network" "none" "rustops/crates-build-env@sha256:d92eaeed33fa75130ca1ee6c8a01d1ffb62bac859dfdfb3450e3e5d1c0146529" "/opt/rustwide/cargo-home/bin/cargo" "+af3c6e733a40e671550e0f0f5aeecaa13772ba56" "metadata" "--no-deps" "--format-version=1", kill_on_drop: false }`
[INFO] [stderr] WARNING: Your kernel does not support swap limit capabilities or the cgroup is not mounted. Memory limited without swap.
[INFO] [stdout] 891191c0300d911fd07d4638bd71b614526a9e685f4f2123dc3fd79ccd083ea3
[INFO] running `Command { std: "docker" "start" "-a" "891191c0300d911fd07d4638bd71b614526a9e685f4f2123dc3fd79ccd083ea3", kill_on_drop: false }`
[INFO] running `Command { std: "docker" "inspect" "891191c0300d911fd07d4638bd71b614526a9e685f4f2123dc3fd79ccd083ea3", kill_on_drop: false }`
[INFO] running `Command { std: "docker" "rm" "-f" "891191c0300d911fd07d4638bd71b614526a9e685f4f2123dc3fd79ccd083ea3", kill_on_drop: false }`
[INFO] [stdout] 891191c0300d911fd07d4638bd71b614526a9e685f4f2123dc3fd79ccd083ea3
[INFO] running `Command { std: "docker" "create" "-v" "/var/lib/crater-agent-workspace/builds/worker-7/target:/opt/rustwide/target:rw,Z" "-v" "/var/lib/crater-agent-workspace/builds/worker-7/source:/opt/rustwide/workdir:ro,Z" "-v" "/var/lib/crater-agent-workspace/cargo-home:/opt/rustwide/cargo-home:ro,Z" "-v" "/var/lib/crater-agent-workspace/rustup-home:/opt/rustwide/rustup-home:ro,Z" "-e" "SOURCE_DIR=/opt/rustwide/workdir" "-e" "CARGO_TARGET_DIR=/opt/rustwide/target" "-e" "CARGO_INCREMENTAL=0" "-e" "RUST_BACKTRACE=full" "-e" "RUSTFLAGS=--cap-lints=forbid" "-e" "CARGO_HOME=/opt/rustwide/cargo-home" "-e" "RUSTUP_HOME=/opt/rustwide/rustup-home" "-w" "/opt/rustwide/workdir" "-m" "1610612736" "--user" "0:0" "--network" "none" "rustops/crates-build-env@sha256:d92eaeed33fa75130ca1ee6c8a01d1ffb62bac859dfdfb3450e3e5d1c0146529" "/opt/rustwide/cargo-home/bin/cargo" "+af3c6e733a40e671550e0f0f5aeecaa13772ba56" "check" "--frozen" "--all" "--all-targets" "--message-format=json", kill_on_drop: false }`
[INFO] [stderr] WARNING: Your kernel does not support swap limit capabilities or the cgroup is not mounted. Memory limited without swap.
[INFO] [stdout] 1ccd47c2d0927fa699bb8e0f7c62c0d03457077be96ef22f852214b4c193bc8a
[INFO] running `Command { std: "docker" "start" "-a" "1ccd47c2d0927fa699bb8e0f7c62c0d03457077be96ef22f852214b4c193bc8a", kill_on_drop: false }`
[INFO] [stderr]    Compiling proc-macro2 v1.0.21
[INFO] [stderr]    Compiling libc v0.2.77
[INFO] [stderr]    Compiling unicode-xid v0.2.1
[INFO] [stderr]     Checking cfg-if v0.1.10
[INFO] [stderr]     Checking instant v0.1.6
[INFO] [stderr]     Checking scopeguard v1.1.0
[INFO] [stderr]     Checking smallvec v1.4.2
[INFO] [stderr]    Compiling log v0.4.11
[INFO] [stderr]    Compiling byteorder v1.3.4
[INFO] [stderr]     Checking lock_api v0.4.1
[INFO] [stderr]    Compiling quote v1.0.7
[INFO] [stderr]     Checking parking_lot_core v0.8.0
[INFO] [stderr]    Compiling syn v1.0.40
[INFO] [stderr]     Checking parking_lot v0.11.0
[INFO] [stderr]     Checking scheduled-thread-pool v0.2.5
[INFO] [stderr]     Checking r2d2 v0.8.9
[INFO] [stderr]    Compiling diesel_derives v1.4.1
[INFO] [stderr]     Checking diesel v1.4.5
[INFO] [stderr]     Checking r2d2-diesel v1.0.0 (/opt/rustwide/workdir)
[INFO] [stdout] warning: use of deprecated associated function `std::error::Error::description`: use the Display impl or to_string()
[INFO] [stdout]   --> src/lib.rs:45:48
[INFO] [stdout]    |
[INFO] [stdout] 45 |             Error::ConnectionError(ref e) => e.description(),
[INFO] [stdout]    |                                                ^^^^^^^^^^^
[INFO] [stdout]    |
[INFO] [stdout]    = note: `#[warn(deprecated)]` on by default
[INFO] [stdout] 
[INFO] [stdout] 
[INFO] [stdout] warning: use of deprecated associated function `std::error::Error::description`: use the Display impl or to_string()
[INFO] [stdout]   --> src/lib.rs:46:43
[INFO] [stdout]    |
[INFO] [stdout] 46 |             Error::QueryError(ref e) => e.description(),
[INFO] [stdout]    |                                           ^^^^^^^^^^^
[INFO] [stdout] 
[INFO] [stdout] 
[INFO] [stdout] warning: 2 warnings emitted
[INFO] [stdout] 
[INFO] [stdout] 
[INFO] [stdout] warning: use of deprecated associated function `std::error::Error::description`: use the Display impl or to_string()
[INFO] [stdout]   --> src/lib.rs:45:48
[INFO] [stdout]    |
[INFO] [stdout] 45 |             Error::ConnectionError(ref e) => e.description(),
[INFO] [stdout]    |                                                ^^^^^^^^^^^
[INFO] [stdout]    |
[INFO] [stdout]    = note: `#[warn(deprecated)]` on by default
[INFO] [stdout] 
[INFO] [stdout] 
[INFO] [stdout] warning: use of deprecated associated function `std::error::Error::description`: use the Display impl or to_string()
[INFO] [stdout]   --> src/lib.rs:46:43
[INFO] [stdout]    |
[INFO] [stdout] 46 |             Error::QueryError(ref e) => e.description(),
[INFO] [stdout]    |                                           ^^^^^^^^^^^
[INFO] [stdout] 
[INFO] [stdout] 
[INFO] [stdout] warning: 2 warnings emitted
[INFO] [stdout] 
[INFO] [stdout] 
[INFO] [stdout] error[E0432]: unresolved imports `diesel::PgConnection`, `diesel::SqliteConnection`
[INFO] [stdout]  --> tests/test.rs:9:14
[INFO] [stdout]   |
[INFO] [stdout] 9 | use diesel::{PgConnection, SqliteConnection};
[INFO] [stdout]   |              ^^^^^^^^^^^^  ^^^^^^^^^^^^^^^^ no `SqliteConnection` in the root
[INFO] [stdout]   |              |
[INFO] [stdout]   |              no `PgConnection` in the root
[INFO] [stdout]   |              help: a similar name exists in the module: `Connection`
[INFO] [stdout] 
[INFO] [stdout] 
[INFO] [stdout] error[E0432]: unresolved import `diesel::sqlite`
[INFO] [stdout]  --> examples/sqlite.rs:7:13
[INFO] [stdout]   |
[INFO] [stdout] 7 | use diesel::sqlite::SqliteConnection;
[INFO] [stdout]   |             ^^^^^^ could not find `sqlite` in `diesel`
[INFO] [stdout] 
[INFO] [stdout] 
[INFO] [stdout] error[E0432]: unresolved import `diesel::pg`
[INFO] [stdout]  --> examples/postgres.rs:7:13
[INFO] [stdout]   |
[INFO] [stdout] 7 | use diesel::pg::PgConnection;
[INFO] [stdout]   |             ^^ could not find `pg` in `diesel`
[INFO] [stdout] 
[INFO] [stdout] 
[INFO] [stdout] error: aborting due to previous error
[INFO] [stdout] 
[INFO] [stdout] 
[INFO] [stdout] For more information about this error, try `rustc --explain E0432`.
[INFO] [stdout] 
[INFO] [stderr] error: could not compile `r2d2-diesel`.
[INFO] [stdout] error: aborting due to previous error
[INFO] [stdout] 
[INFO] [stdout] 
[INFO] [stderr] 
[INFO] [stdout] For more information about this error, try `rustc --explain E0432`.
[INFO] [stdout] 
[INFO] [stderr] To learn more, run the command again with --verbose.
[INFO] [stderr] warning: build failed, waiting for other jobs to finish...
[INFO] [stdout] error: aborting due to previous error
[INFO] [stdout] 
[INFO] [stdout] 
[INFO] [stdout] For more information about this error, try `rustc --explain E0432`.
[INFO] [stdout] 
[INFO] [stderr] error: build failed
[INFO] running `Command { std: "docker" "inspect" "1ccd47c2d0927fa699bb8e0f7c62c0d03457077be96ef22f852214b4c193bc8a", kill_on_drop: false }`
[INFO] running `Command { std: "docker" "rm" "-f" "1ccd47c2d0927fa699bb8e0f7c62c0d03457077be96ef22f852214b4c193bc8a", kill_on_drop: false }`
[INFO] [stdout] 1ccd47c2d0927fa699bb8e0f7c62c0d03457077be96ef22f852214b4c193bc8a
